 -80 + (42 - -1)?
31
What is 100 + (-80 + -70 - -20)?
-30
Calculate -1310 - -1267 - (-196 - -10).
143
88 + -86 - (1 + 26 + (9 - 15))
-19
66 - (-19 + 15 + -13 + 21)
62
What is the value of 1282 - 1329 - (1 - -17)?
-65
Evaluate -12 + 22 + -19 + -14 + 52.
29
What is -45 - -52 - (5 - -1 - (-110 + (26 - 9)))?
-92
Evaluate 173 + -18 - 4 - 284.
-133
Calculate -48 - (23 + (-48 - -4)).
-27
Evaluate 17 + -18 + 21 - (-7 + -21).
48
What is 84 + -2 - (-10683 - -10789)?
-24
What is the value of (-385 - -576) + (-57 - 23)?
111
Evaluate (15 - 1 - (-4 - -9)) + -14 + 13 + 38.
46
Calculate 27 - (-56 + 5 - -33).
45
-496 + 515 + (0 - -43)
62
Evaluate 22 - (3 + (2 - 0) + (-6 - (-22 - -14))).
15
What is 98 + (55 - 123) - (1 - -19)?
10
What is -21 + 30 + -6 + (5 - -3) + (3 - 4)?
10
What is the value of (12 - (22 - (7 + -20))) + -8?
-31
What is (-1 - 0) + (-62 - 12 - 18) + -1?
-94
What is -1 - (1 - -55) - ((-19 - 0) + 6 + 20)?
-64
50 + -3 + 46 + -78
15
47 + (-51 - (4 + -69))
61
What is -3 - ((18 - 13) + -15 - -11)?
-4
(2846 - 2944) + (-1 - -87)
-12
Calculate -34 + (12 - -12) + (2 + -2 - 61).
-71
What is the value of (-1 - (39 + -60 - (-21 + 6))) + (1 - 14)?
-8
What is the value of -152 - -186 - (39 + -2) - 46?
-49
6 - 3 - 6 - (8 - 5) - -3
-3
What is the value of -5 + (-11 - (3 - 13) - 3) - -32?
23
Calculate -4 + (-10 + 11 + -5 - -9) - (0 + -4).
5
-739 + 860 - (-8 - -168)
-39
Calculate (-24 + 3 - (-16 - 5)) + 20.
20
-41 - 0 - (-265 + 255 - (2 - 7 - 0))
-36
Evaluate ((3 - (-40 - -4)) + 5 - -5) + (23 - 27).
45
(-109 - -86) + 96 + -54
19
Calculate -119 + (-7 - -39) - -171.
84
What is -27 + (30 - 9 - -8) - (15 - 1)?
-12
Evaluate -10 + (12 - 5 - (-67 - -41)).
23
Calculate -64 + 3 + (107 - 64 - 32).
-50
What is (4 - 14) + 37 + 41 + -1?
67
-2 + 36 + (-49 + 8 - (43 - 88))
38
Evaluate 3 - (-34 + (-2 - (3 - 9)) + -10).
43
Calculate -63 + (7 - 25) + 31 + (0 - -1).
-49
Calculate (-72 - -92) + (35 - 32 - -99).
122
Evaluate 47 - (1 - 2 - (8 + (-3 - 13) + 11)).
51
Calculate (-1 - -1) + 10 + (33 - (43 - 15) - 2).
13
What is the value of -47 + (-6 - -40) + 12?
-1
What is -31 + 11 + (1 - (-15 + 24 - -5))?
-33
3 + (38 - 5) - (-15 + (30 - 11 - -11))
21
Evaluate 2 + 35 + 10 + -85.
-38
What is the value of (-34 - (17 + 18 + -27)) + 1?
-41
What is the value of 65 + -41 + 2 + -56?
-30
What is the value of -36 + (76 + -84 - -16)?
-28
Calculate 68 + 1 - (233 + -82).
-82
What is the value of 29 + (23 - (-39 + (-29 - -64)))?
56
(-16 - (-15 - -13)) + (-12 - -5)
-21
What is the value of 0 - -8 - (-19 + -4 + 13 + -5 + -6)?
29
Calculate -1713 + 1673 + -65 + 2 - -22.
-81
Calculate -12 + (-6 - (-7 + -3)) + 5 - (53 - 4).
-52
Evaluate 12 + 5 + (19 - 54).
-18
109 - 2 - (11 - (3 - -10 - 6) - 15)
118
What is the value of (-6 - (8 - 5) - 0) + (148 - 91)?
48
-5 + -12 + -16 + 6 + (15 - 14)
-26
Calculate (-75 - (-104 - 6)) + 7.
42
Evaluate 52 - (0 + -16 + 15 - 1 - -16).
38
Calculate (-101 - -25) + (-7 - -46).
-37
What is (7 - (-10 - -22) - 2) + (-139 - -89)?
-57
Evaluate -7 - ((3 + -8 - (10 + 0)) + (25 - 13)).
-4
0 + 2 + -1 - (-19 + (-4 - 39 - -89))
-26
What is -40 - -79 - 30 - -45?
54
(-15 - -42) + 50 - 47
30
What is the value of 10 - 26 - (-34 - 67) - 10?
75
What is (0 - 0) + (44 - 30) + -19 + -3?
-8
Evaluate 20 + 21 + (-20 - -9) + -1.
29
(-28 - -52) + -51 + 1
-26
What is (-19 - (-13 + 5 - 0)) + -23 + 21 - 28?
-41
4 + -33 + 31 + -1 + -26
-25
What is -76 + 9 + 43 - (-89 - 2)?
67
-56 + 142 + -89 - ((4 - 2) + 2)
-7
0 + 73 - (49 - (26 + 1))
51
-7 - -120 - ((29 - -31) + -28)
81
What is the value of -12 + (-10 + 66 + -21 - 17) + -110?
-104
What is -19 + 13 + -20 - -22 - -46?
42
2 - -2 - (-97 + 76 - 32)
57
Evaluate 0 + 2 + 19 - -8 - ((-5 - -8) + 4).
22
2390 + -2398 + -20 + -4 + -2
-34
What is 35 + -52 + -27 + 66?
22
(16 - (22 - 35)) + 11
40
Evaluate -18 - (-13 + -8 + 8).
-5
109 + (-219 - -104) - -49
43
Calculate 5 + 14 + (22 - 44) + 8.
5
What is the value of 66 + 42 + -66 - (-3 + 26)?
19
Evaluate -4 + -1 + (55 - 44) + -27 + 35.
14
Calculate 2 + (8 - 2) - (46 + -61 + 36 + 45).
-58
What is the value of -25 + -11 + -5 + 14 + (-118 - -104)?
-41
What is 49 + -44 + (4 + -2 - 5) + 3?
5
Evaluate -6 + (-210 - -207) + -10 + 1 + (-55 - 0).
-73
What is (33 - 27 - (6 + -11)) + 14 + -8 + -4?
13
Evaluate 0 - ((-8 - (42 + -59)) + (-8 - 1)).
0
Calculate -7 + 20 + (-24 - (-14 + -11)).
14
What is 109 + -102 + -2 + -16 - -104?
93
What is 14 + 0 + (-82 - (-32 + -55) - (7 - 3))?
15
(21 - 1 - (29 + -13)) + -3 + 12
13
What is the value of 5 + -84 + 15 - -10?
-54
Evaluate -15 - ((40 - 5) + -43).
-7
Calculate (40 - (31 + 22) - -12) + -1 + 2 + -5.
-5
Evaluate 0 + (17 - 22) + -38.
-43
Calculate 102 + -120 - ((10 - -1) + 0) - -20.
-9
What is the value of -47 - (-36 + 15) - -58?
32
What is the value of (0 - -1) + 11 + (412 + -375 - 93)?
-44
Calculate -7 - (1 + -17 - -2) - (1 - (2 - -7)).
15
What is the value of 3 + (2 - (-8 + 33) - -21)?
1
Evaluate -40 + (11 - (42 - 26)).
-45
What is -3 + 1 + (-18 - -61) - 5 - (-9 + 18)?
27
1200 + -1213 - (-2 + 1 + 15)
-27
What is the value of -77 - -28 - -45 - (56 - (2 + -6) - 2)?
-62
What is the value of (-1 + 12 - 6 - (-7 + 9)) + (53 - -1)?
57
Calculate 8 - 19 - (41 + (25 - 68)).
-9
What is 125 - (39 + 15 - -203)?
-132
Evaluate (285 - (-248 - -511)) + (-1 - 74).
-53
What is (47 - 21 - 26) + (-3 - (0 - (-1 + -16)))?
-20
-6 + (7 - (8 + -7)) + -20 + 11 + -14
-23
(-26 - 1) + (6 + (-7 - 46) - -28) + 30
-16
What is -4 + 132 + -90 - 8?
30
What is -66 - ((-71 - -119) + -132)?
18
(-2 + -46 - (-5 + -9 - (-27 - -3))) + -3
-61
Evaluate 7 + 92 + (6 - -1) - (27 - (-1 + 23)).
101
-1 + -1 + 17 + (132 - (60 - -14))
73
-8 - (61 + -23 - 81) - -13
48
Calculate 4 + (2 - 9 - (0 + -2 + 49)).
-50
Evaluate 194 + -183 + (-6 - -7) + (4 - (0 + -1)).
17
(0 - (7 + 2)) + (-44 + 18 - (30 + -38))
-27
What is the value of 8 + (-17 - -31 - (-9 + 37))?
-6
Calculate -2120 + 2161 + 0 + 23.
64
Calculate 109 + -103 - (2 - 9) - 0.
13
What is the value of -48 + -14 + (99 - 49) - (4 + -2)?
-14
Calculate (-7 - ((4 - ((82 - 3) + 6)) + -4)) + 2.
80
40 + -73 - (-7 + (10 - 0) - 6)
-30
Evaluate 6 + 6 + -11 + 1 - -25.
27
-450 - -461 - (100 + (-1 - -2) + -4)
-86
1 + 2 - (-3475 + 3484)
-6
Evaluate -17 + -23 + 17 + (60 - -12).
49
What is (-34 - -6) + 931 + -844?
59
What is the value of -3 - -8 - 5 - (-110 + 63 + -47)?
94
58 - (-144 + 70 - -101)
31
Calculate 2 + 21 + (-12 - 25) + -21.
-35
What is the value of -13 + 0 + (-1 + -24 - (870 - 918)) + -13?
-3
What is -1 + (-5 - -112) - (37 + -9 + -42)?
120
67 - (-89 + -66 - -92)
130
What is the value of (-8 - (-42 - (7 + (-7 - (-10 - -9))))) + -3?
32
Evaluate (-227 - -237) + (3 - 6 - 0 - 98).
-91
Evaluate -18 + (20 + 107 - 17).
92
-62 - -1 - (15 - (51 + (-31 - -6)))
-50
Evaluate (13 - 17) + -2 - (0 - 11) - (74 + 0).
-69
Evaluate (96 - 126 - (-1 + -23)) + (109 - 6).
97
Evaluate -27 + (-2 + 8 - 11) + (-15 + 35 - 11).
-23
(-2369 - -2387) + (-15 - 1) + 1
3
What is the value of -21 + 9 + 15 + -16 + 40?
27
What is the value of (-156 - -169) + (-7 + -31 - (-5 - -2))?
-22
Evaluate -116 + 84 + -61 + 37.
-56
What is the value of 2 + 59 + (7 - -16) + -3?
81
Evaluate (54 - 5) + -6 + (15 - (36 + -19)).
41
Calculate (-24532 - -24541) + (-1 - (2 + 82) - (-3 + 2)).
-75
Evaluate 41 + (56 - (258 + -47)).
-114
56 + (-3 + 1 + (-2 + -11 - -18) - -8)
67
What is the value of -38 + (-45 - (-55 + 0)) + (1 - 9)?
-36
What is 12 + (-9 - -8 - 109) + (84 - 83)?
-97
What is the value of 36 + -38 - (-31 + 67 + (1 - 0) + -6)?
-33
Calculate 4 + -3 + 2 + (-172 - -51) + 10.
-108
Evaluate -36 + (-24 - (-35 - -21)).
-46
(-116 + 55 - -6) + 98
43
What is 4 + (11 - (-36 - -24)) + -51?
-24
What is the value of 12 - 20 - 2 - -10 - -24 - 10?
14
(-7 - -17) + 1 + (-2 + 12 - -1)
22
15 + (377 - 400 - (33 + 0))
-41
2 - 30 - (-16528 + 16419)
81
(15 - 2) + 787 + -745
55
What is the value of (43 - (0 + 31)) + (-18 - 0)?
-6
Evaluate -2 + -77 - (2304 - 2358).
-25
What is the value of 51 + (40 - 25 - (16 - -16))?
34
What is the value of -9 + (-14 + -6 - -8 - 0 - 22)?
-43
Evaluate -20 + (-13 - (-23 - -19) - -69) + (0 - 9).
31
Calculate 116 + -32 + 0 + -19 + 1 + -4.
62
What is the value of -106 + -8 + 35 + 13 + -28?
-94
Calculate (71 - (8 - -4)) + -48.
11
Evaluate -29 + 79 + -3 + 16.
63
Evaluate 41 + -7 + -12 + -12 + -11 + 12.
11
-141 + 70 + (5 - -53)
-13
Evaluate -39 